4 - -6 - (-3 + 3)) + -8)?
-27
What is the value of 0 + 17 + 4 + (4 - 5 - 2)?
18
-5 - (-4 + -1 + 8 + -4)
-4
What is (-15 + 18 - 18) + 28?
13
Evaluate -471 + 456 + (2 - -1).
-12
Evaluate (-20 - -6 - -11) + (0 - 0 - -4).
1
Calculate -14 - (23 + -68 + 16).
15
What is 6 + -13 - (16 - (3 - -5))?
-15
What is the value of -97 + 82 - (-11 - -1) - -32?
27
What is (2 - -14) + (-1 - (-2 + 7))?
10
What is the value of 3 + (1 - 2) + -7 - (-2 - 3)?
0
What is the value of 19 - (2 + -2 - 3 - (-126 + 130))?
26
What is 20 + -39 + 22 + -23?
-20
Evaluate (-2 - -26) + (-9 - -13 - 1) - 8.
19
Evaluate -1 + -10 + 22 + -5.
6
-35 + 13 - (-6 + -6 + -2)
-8
16 - (-3 + (-5 - 2) - -6 - -8)
12
Evaluate -13 - (3 + -9 + -9 + 11).
-9
Calculate -1 - (-13 - -10) - (9 + -10).
3
What is 9 - ((-4 - (10 - 13)) + -9 - -8)?
11
Evaluate -14 - (6 - (36 - 12)).
4
Calculate 7 + (5 + -8 + 3 - 10) + 4.
1
What is (-10 - (3 + 0)) + 89 + -91?
-15
What is (9 - (11 - 3)) + 0 - (24 + -12)?
-11
What is the value of (-89 - -88 - (-1 + -8)) + -2?
6
What is -199 + 185 - (-1 + -6 + 0)?
-7
What is 18 + -9 + (6 - 5) - 9?
1
Evaluate 6 + -10 + (14 - (-14 + 10)).
14
What is (3 - (8 + -3)) + -13 - -14?
-1
What is the value of (-1 - (36 + -1)) + (-120 - (-152 - -29))?
-33
What is (-37 + 12 - (-2 - 12)) + 18?
7
What is -15 + -16 + 14 - -31?
14
What is the value of (22 + -30 - -11) + 21?
24
Evaluate 5 + (-106 - -125 - (6 - 0)).
18
What is the value of -1 - (5 + 0) - (241 + -250)?
3
Calculate -40 + 6 + (-4 - -26).
-12
Calculate -2 + (-8 - -3) + 3 + 3 + 7.
6
Evaluate -41 + 26 + 6 - (1 + -2).
-8
11 + (11 + 8 + -14 - 14)
2
Calculate (-3 + 20 - 7) + 0.
10
(1 - ((-9 - -11) + 1)) + (1 - -14)
13
(5 - -15) + -17 - 24 - -11
-10
What is -14 - (3 - 17 - 6)?
6
(41 - (9 - (-10 - -12))) + 2
36
Evaluate 2 + -13 + 11 + (0 - -10).
10
Calculate -31 + (-7 + -4 + -6 - -6) + 14.
-28
What is -76 + 35 - -10 - -19?
-12
What is 18 + -9 + -16 - 8?
-15
Calculate 5 + (-1 + 6 - (85 + -83)) - 9.
-1
Evaluate 15 + -2 - 8 - -8.
13
What is 8 - 4 - 13 - (30 + -40 - -18)?
-17
Evaluate (2 - -2 - (6 - -1) - -3) + -3.
-3
What is -22 - (-6 - (2 - (12 - 12)))?
-14
14 + 71 + -72 + -1 + -45
-33
Evaluate 5 - (2 + -5 + -3) - (11 - 15).
15
11 + -19 - ((-3 - -2) + 4 + -2)
-9
What is (-6 - -1) + -3 + (4 - 3)?
-7
What is 11 + -8 + (5 + (-4 - -1) - 4)?
1
What is -64 + 23 + -43 + 44?
-40
19 - -5 - 31 - (-5 + 1 + -1)
-2
Evaluate (1 + -3 - (-12 + 3 - -4)) + 10.
13
-5 + -2 + (-12 - -22) + -1
2
Calculate 5 + -15 + 18 + 1 - 9.
0
(-2 - 21) + (7 + (-1 - -4) - 13)
-26
What is the value of 13 - (18 + -7 + 9)?
-7
What is 2 + -20 + 257 + -222?
17
Evaluate ((-1 - (1 - -4)) + 15 - 26) + -4.
-21
Calculate -9 + -1 - (-25 - (7 + -32) - -24).
-34
Evaluate (-30 - -1) + -1 + (82 - -3) + -78.
-23
Evaluate (-2 - 14) + 23 + -12 + 7.
2
-2 - -6 - (-24 - (20 - 37))
11
Evaluate (176 - 189) + 35 + -3 + -1.
18
What is the value of (0 - 18 - (-17 + 16)) + -30 + 33?
-14
What is 4 - (0 + (0 - 7) - 1)?
12
-7 - (0 + -4 + -6 + -7)
10
What is (-7 - -17) + 13 + -7 + -1 + -2?
13
-13 + 7 - (1 + (0 - -3))
-10
Calculate 44 + -30 + 27 + -23.
18
Calculate (22 - 15) + -10 + -3 + -2.
-8
What is -18 + (16 + -7 + 7 + -8 - 0)?
-10
(54 - 51) + (-6 - -5 - 2) + -36
-36
Calculate -12 + 9 + (-5 - 2 - 3).
-13
Evaluate 38 + -46 - (1 - 11) - -10.
12
Calculate 14 + (-2 - (0 - -3)) + -30.
-21
Calculate (31 - 35) + (5 - -1).
2
What is -350 + 345 + (1 - 3) + -8?
-15
-26 + 5 + (-15 - -20)
-16
What is the value of -2 + (6 - 2 - (60 + -62))?
4
Evaluate -3 + -1 + 1 + -7 + 7 + -6.
-9
3 - (-1 + 6 - -1 - 5 - -2)
0
What is -1 + -17 - (-13 + 27 - (-6 - -22))?
-16
What is the value of 5 + -10 - 8 - (9 + (6 - 9))?
-19
Evaluate -6 + (6 - -1) + (-7 - 0) + -6.
-12
What is the value of 303 - 278 - (49 - 3)?
-21
What is the value of (-57 - -18 - -11) + 49?
21
What is 28 - (10 + (62 - 39))?
-5
What is 3 - 0 - (9 + -26 + 13)?
7
What is (-2 - 12) + -1 - (-2073 - -2072)?
-14
Calculate -19 + 6 + (12 - 6) + (-14 - -9).
-12
-80 - (-14 - 14) - -23
-29
Evaluate 8 - (50 + -45 + (-5 - -2) + -1).
7
Calculate 14 + -4 + (-1 - 4 - 3).
2
-20 + -2 + 32 + 1
11
(3 - (-13 - (1 - (1 + 3)))) + -4
9
What is 47 - 58 - (10 - 3 - 9)?
-9
Calculate -12 + (1 - -17) + (-27 - -23).
2
12 - (-11 + 20) - -5
8
40 + (-13 - 36) + 0 + 0
-9
Calculate 2 + -5 - (-13 + 5 + 16 + -5).
-6
(23 - 15) + 5 + 7 + -13 + -21
-14
Calculate 15 + -1 + -4 + (35 - 40).
5
Calculate (-44 - -7) + (-35 - -52).
-20
Calculate -2 + -7 + 30 + (-9 - (-2 + -1)).
15
What is (-9 + 5 - -5) + (-5 + 8 - 4)?
0
What is -11 + (15 - 5 - 6)?
-7
What is the value of (-81 - -11) + 98 + 0 + -19?
9
Evaluate 11 - ((-7 - -18 - 13) + (5 - 2)).
10
Evaluate -9 - (-10 + 23 - (6 - -3)).
-13
What is the value of 21 - (0 - (-9 + -2))?
10
Calculate (-12 - 2) + (5 - -6) + (15 - 23).
-11
Evaluate -9 + 41 + -34 + -7 + -1.
-10
Calculate 0 - (-13 - -27) - -29.
15
-14 - (-46 - 4 - (-14 + 1))
23
What is the value of (-76 - -22) + 21 + 35?
2
Evaluate -12 + -3 + (-14 - (-4 + -3)).
-22
Evaluate (8 - (13 - 5) - 6) + 3.
-3
What is -3 - (-9 + -2) - 2 - (32 - 36)?
10
What is the value of 20 - 12 - (21 - 3)?
-10
Evaluate (-25 + 10 - -7) + -4 + (4 - -6).
-2
What is the value of (14 - (3 - (13 - 25))) + 26?
25
-7 - ((-16 - -8) + 13)
-12
What is the value of -19 + -15 + -6 + 33?
-7
What is the value of 2 - (-3 + (-10 - -33))?
-18
Evaluate (-10 + 20 - (15 + 3)) + 12.
4
What is 11 + (-3 + 1 + -3 - (-16 - -5))?
17
Calculate 153 - 182 - (-34 + 3).
2
-4 - (26 - (9 + 11 + -9))
-19
-3 + (1 - (7 + (2 - (0 - -11))))
0
What is the value of 8 + (18 - (13 - 0) - (-1 + 13))?
1
0 + (-12 + 30 - 5) + (-3 - -3)
13
What is the value of (-1 - -2) + -6 + (31 - 4)?
22
What is (4 - -8) + (5 - 21)?
-4
Calculate (-8 + 15 - -10) + 12 - 5.
24
7 - (26 + 1 + (5 - 18))
-7
Evaluate 36 + -1 - (858 - 821).
-2
(-11 - (2 - 6)) + (11 - (-18 + 5))
17
Evaluate (7 - 14) + 22 - 0.
15
-4 - (0 + 4 + (-35 - -27) + 7)
-7
Calculate -14 + -11 + -6 + 14.
-17
1 - 5 - 2 - -1 - (103 - 106)
-2
-23 - -3 - -15 - -11
6
-10 + (8 - 6 - (1 - 17)) + 8
16
Calculate -14 - (-41 - (29 - 51)).
5
-7 - (3 + 1 + -3) - (70 - 99)
21
Evaluate 7 - (-10 - (-18 + 0)).
-1
What is the value of -22 + (60 - 8) - 50?
-20
What is 9 + (28 - 30) - 3?
4
Evaluate -5 - -3 - (-74 + 59).
13
Evaluate -2 + (-1 - -9) + (2 - 4) + -2.
2
14 + -7 - (-2 + -1)
10
What is the value of -1 + -6 + (-690 - -710)?
13
Calculate -11 + (23 - 8) + 7 + (-1 - -2).
12
Calculate 7 + -13 + -5 + 19.
8
Evaluate (1 - 2) + 9 + (-2 - 3) + 4.
7
Evaluate -46 - -41 - (-6 - 0).
1
Calculate (-9 - -4) + 5 - (-3 + -6) - -14.
23
Calculate 12 + -20 + 3 + (20 - (-1 + -1)).
17
1 - 1 - (-23 + 27 - 0)
-4
-9 + 18 - (-7 - -12 - (3 + -4))
3
Evaluate 124 + -120 + (2 + -19 - -2).
-11
Calculate -1 + (4 + 0 - 2).
1
What is the value of -7 + -13 - (-11 + -9 + 15)?
-15
What is (-16 - -24) + 4 + -7?
5
Calculate (4 - 6) + 8 + 12 + -7.
11
(3 - -9) + -30 - (0 + 2 + 0)
-20
What is 5 + -4 + (-46 - -30)?
-15
Calculate (-12 - -11) + 22 + (12 - 10).
23
Calculate 20 + (-52 - -12) + 2.
-18
What is -3 + 13 + 2 + (-63 - -56) - -1?
6
Calculate -2 - 8 - 25 - -16.
-19
Calculate -5 - 11 - (1 + (2 - 13) + 8).
-14
Calculate 4 + -3 - (-69 - -80) - 15.
-25
What is 29 + -13 + (-1 - -3)?
18
What is -3 + (4 - (8 + -6)) + 7?
6
What is the value of -45 + 85 + (-15 - (-5 - -5))?
25
What is the value of 6 - -1 - (-3 - -9) - (0 + 13)?
-12
Calculate -2 - 1 - ((64 - 23) + -30).
-14
-4 + (-17 - -19) - -17
15
Calculate -15 - (-15 + 16 - 12).
-4
-18 - (-22 - -35) - -4
-27
Calculate (3 - (31 - 4)) + (-14 - -22).
-16
What is the value of -12 - ((10 - -4) + -24)?
-2
What is -3 + 3 + 9 + 10 + -30?
-11
-16 + 15 - (-2 - (3 + 1))
5
Calculate 508 - 503 - (-3 + -3 + 5 + -1).
7
Evaluate (1 - -5) + -69 + 75 + 3.
15
What is the value of (-5 - 0) + -1 + -1 + (87 - 77)?
3
-3 + 4 + (-2 + 7 + -2 - 8)
-4
Evaluate -10 + -27 + 35 + (0 - 1).
-3
What is the value of -3 + 4 + -9 + 1 + 2 - -1?
-4
Calculate 30 + -19 + -23 - (1 - -8).
-21
What is (5 - (-1 + 3 + (-7 - 0))) + -2?
8
Calculate 32 + -35 + 16 + 16.
29
Evaluate (-4 + (19 - 9) - 1) + 5.
10
Evaluate -28 + (5 - -9) + 2.
-12
Evaluate (6 - 2) + -1 + 18 - (78 - 70).
13
What is 23 + 4 - (-18 - -14)?
31
Evaluate 20 - (-20 - (-6 + -25)).
9
What is the value of -98 - -108 - (-31 - -2) - (1 + 8)?
30
What is the value of 1 + (1 - -28) + -15 - (-1 + -4)?
20
What is (2 - (-14 + 17))